{"id":38,"date":"2025-01-14T00:18:54","date_gmt":"2025-01-13T23:18:54","guid":{"rendered":"http:\/\/scieriedelanoye.fr\/?page_id=38"},"modified":"2025-02-07T03:04:01","modified_gmt":"2025-02-07T02:04:01","slug":"histoire","status":"publish","type":"page","link":"https:\/\/scieriedelanoye.fr\/?page_id=38","title":{"rendered":"Histoire"},"content":{"rendered":"\t\t<div data-elementor-type=\"wp-page\" data-elementor-id=\"38\" class=\"elementor elementor-38\">\n\t\t\t\t<div class=\"elementor-element elementor-element-5097db0 e-con-full e-flex e-con e-parent\" data-id=\"5097db0\" data-element_type=\"container\" data-settings=\"{&quot;background_background&quot;:&quot;classic&quot;}\">\n\t\t\t\t<div class=\"elementor-element elementor-element-4ef4473 elementor-widget elementor-widget-heading\" data-id=\"4ef4473\" data-element_type=\"widget\" data-widget_type=\"heading.default\">\n\t\t\t\t<div class=\"elementor-widget-container\">\n\t\t\t\t\t<h1 class=\"elementor-heading-title elementor-size-default\">L'histoire de notre scierie<\/h1>\t\t\t\t<\/div>\n\t\t\t\t<\/div>\n\t\t\t\t<\/div>\n\t\t<div class=\"elementor-element elementor-element-665831e e-flex e-con-boxed e-con e-parent\" data-id=\"665831e\" data-element_type=\"container\">\n\t\t\t\t\t<div class=\"e-con-inner\">\n\t\t<div class=\"elementor-element elementor-element-c4be79c e-con-full e-flex e-con e-child\" data-id=\"c4be79c\" data-element_type=\"container\">\n\t\t\t\t<div class=\"elementor-element elementor-element-81b1cd0 elementor-arrows-position-inside elementor-pagination-position-outside elementor-widget elementor-widget-image-carousel\" data-id=\"81b1cd0\" data-element_type=\"widget\" data-settings=\"{&quot;slides_to_show&quot;:&quot;1&quot;,&quot;navigation&quot;:&quot;both&quot;,&quot;autoplay&quot;:&quot;yes&quot;,&quot;pause_on_hover&quot;:&quot;yes&quot;,&quot;pause_on_interaction&quot;:&quot;yes&quot;,&quot;autoplay_speed&quot;:5000,&quot;infinite&quot;:&quot;yes&quot;,&quot;effect&quot;:&quot;slide&quot;,&quot;speed&quot;:500}\" data-widget_type=\"image-carousel.default\">\n\t\t\t\t<div class=\"elementor-widget-container\">\n\t\t\t\t\t\t\t<div class=\"elementor-image-carousel-wrapper swiper\" role=\"region\" aria-roledescription=\"carousel\" aria-label=\"Carrousel d\u2019images\" dir=\"ltr\">\n\t\t\t<div class=\"elementor-image-carousel swiper-wrapper\" aria-live=\"off\">\n\t\t\t\t\t\t\t\t<div class=\"swiper-slide\" role=\"group\" aria-roledescription=\"slide\" aria-label=\"1 sur 4\"><figure class=\"swiper-slide-inner\"><img decoding=\"async\" class=\"swiper-slide-image\" src=\"https:\/\/scieriedelanoye.fr\/wp-content\/uploads\/2025\/02\/scierieengin.jpg\" alt=\"scierie+engin\" \/><\/figure><\/div><div class=\"swiper-slide\" role=\"group\" aria-roledescription=\"slide\" aria-label=\"2 sur 4\"><figure class=\"swiper-slide-inner\"><img decoding=\"async\" class=\"swiper-slide-image\" src=\"https:\/\/scieriedelanoye.fr\/wp-content\/uploads\/2025\/02\/scierie-maison-vue-ciel-.jpg\" alt=\"scierie maison vue ciel\" \/><\/figure><\/div><div class=\"swiper-slide\" role=\"group\" aria-roledescription=\"slide\" aria-label=\"3 sur 4\"><figure class=\"swiper-slide-inner\"><img decoding=\"async\" class=\"swiper-slide-image\" src=\"https:\/\/scieriedelanoye.fr\/wp-content\/uploads\/2025\/02\/scie-a-grume.jpg\" alt=\"scie a grume\" \/><\/figure><\/div><div class=\"swiper-slide\" role=\"group\" aria-roledescription=\"slide\" aria-label=\"4 sur 4\"><figure class=\"swiper-slide-inner\"><img decoding=\"async\" class=\"swiper-slide-image\" src=\"https:\/\/scieriedelanoye.fr\/wp-content\/uploads\/2025\/01\/passation.jpg\" alt=\"Georges et Jacqueline Delattre qui rach\u00e8tent la scierie de monsieur Abel Boulfroy\" \/><\/figure><\/div>\t\t\t<\/div>\n\t\t\t\t\t\t\t\t\t\t\t\t<div class=\"elementor-swiper-button elementor-swiper-button-prev\" role=\"button\" tabindex=\"0\">\n\t\t\t\t\t\t<svg aria-hidden=\"true\" class=\"e-font-icon-svg e-eicon-chevron-left\" viewBox=\"0 0 1000 1000\" xmlns=\"http:\/\/www.w3.org\/2000\/svg\"><path d=\"M646 125C629 125 613 133 604 142L308 442C296 454 292 471 292 487 292 504 296 521 308 533L604 854C617 867 629 875 646 875 663 875 679 871 692 858 704 846 713 829 713 812 713 796 708 779 692 767L438 487 692 225C700 217 708 204 708 187 708 171 704 154 692 142 675 129 663 125 646 125Z\"><\/path><\/svg>\t\t\t\t\t<\/div>\n\t\t\t\t\t<div class=\"elementor-swiper-button elementor-swiper-button-next\" role=\"button\" tabindex=\"0\">\n\t\t\t\t\t\t<svg aria-hidden=\"true\" class=\"e-font-icon-svg e-eicon-chevron-right\" viewBox=\"0 0 1000 1000\" xmlns=\"http:\/\/www.w3.org\/2000\/svg\"><path d=\"M696 533C708 521 713 504 713 487 713 471 708 454 696 446L400 146C388 133 375 125 354 125 338 125 325 129 313 142 300 154 292 171 292 187 292 204 296 221 308 233L563 492 304 771C292 783 288 800 288 817 288 833 296 850 308 863 321 871 338 875 354 875 371 875 388 867 400 854L696 533Z\"><\/path><\/svg>\t\t\t\t\t<\/div>\n\t\t\t\t\n\t\t\t\t\t\t\t\t\t<div class=\"swiper-pagination\"><\/div>\n\t\t\t\t\t\t\t\t\t<\/div>\n\t\t\t\t\t\t<\/div>\n\t\t\t\t<\/div>\n\t\t\t\t<\/div>\n\t\t<div class=\"elementor-element elementor-element-8c3b685 e-con-full e-flex e-con e-child\" data-id=\"8c3b685\" data-element_type=\"container\">\n\t\t\t\t<div class=\"elementor-element elementor-element-0b3a313 elementor-widget elementor-widget-text-editor\" data-id=\"0b3a313\" data-element_type=\"widget\" data-widget_type=\"text-editor.default\">\n\t\t\t\t<div class=\"elementor-widget-container\">\n\t\t\t\t\t\t\t\t\t<p>En 1959 Georges et Jacqueline Delattre reprennent l\u2019entreprise de charpente de Monsieur Boulfroy Abel, situ\u00e9 au centre du village. Ils d\u00e9veloppent alors l\u2019activit\u00e9 dans le secteur de l\u2019emballage, fabrication de palettes et de calages. Les arbres sont achet\u00e9s et abattus dans les for\u00eats aux alentours de Jumel, rappelons qu\u2019\u00e0 cette \u00e9poque le transport des grumes n\u2019\u00e9taient pas aussi simple qu\u2019aujourd\u2019hui.<\/p><p>En 1987, d\u00e9localisation de la scierie en dehors du village accompagn\u00e9 de leurs fils Fred-\u00e9ric et R\u00e9my, grosse \u00e9tape pour la scierie, achat de mat\u00e9riel neuf et plus moderne. Quelques ann\u00e9es apr\u00e8s la deuxi\u00e8me g\u00e9n\u00e9ration r\u00e9organise l\u2019activit\u00e9, ils cherchent a diversifier les produits propos\u00e9s, les essences sci\u00e9es, l\u2019objectif \u00e9tant d\u2019\u00eatre suffisamment polyvalent pour r\u00e9pondre \u00e0 un maximum de demande et p\u00e9renniser la soci\u00e9t\u00e9.<\/p>\t\t\t\t\t\t\t\t<\/div>\n\t\t\t\t<\/div>\n\t\t\t\t<\/div>\n\t\t\t\t\t<\/div>\n\t\t\t\t<\/div>\n\t\t<div class=\"elementor-element elementor-element-2662645 e-flex e-con-boxed e-con e-parent\" data-id=\"2662645\" data-element_type=\"container\">\n\t\t\t\t\t<div class=\"e-con-inner\">\n\t\t\t\t<div class=\"elementor-element elementor-element-99718fa elementor-widget-divider--view-line elementor-widget elementor-widget-divider\" data-id=\"99718fa\" data-element_type=\"widget\" data-widget_type=\"divider.default\">\n\t\t\t\t<div class=\"elementor-widget-container\">\n\t\t\t\t\t\t\t<div class=\"elementor-divider\">\n\t\t\t<span class=\"elementor-divider-separator\">\n\t\t\t\t\t\t<\/span>\n\t\t<\/div>\n\t\t\t\t\t\t<\/div>\n\t\t\t\t<\/div>\n\t\t\t\t\t<\/div>\n\t\t\t\t<\/div>\n\t\t<div class=\"elementor-element elementor-element-653af82 e-grid e-con-boxed e-con e-parent\" data-id=\"653af82\" data-element_type=\"container\">\n\t\t\t\t\t<div class=\"e-con-inner\">\n\t\t\t\t<div class=\"elementor-element elementor-element-1d9c38d elementor-widget elementor-widget-text-editor\" data-id=\"1d9c38d\" data-element_type=\"widget\" data-widget_type=\"text-editor.default\">\n\t\t\t\t<div class=\"elementor-widget-container\">\n\t\t\t\t\t\t\t\t\t<p>De nos jours notre scierie est sp\u00e9cialis\u00e9e dans la production de divers produits en bois \u00e0 partir d&rsquo;essences vari\u00e9es provenants des for\u00eats fran\u00e7aises. Engag\u00e9s contre la d\u00e9forestation, nous priorisons la durabilit\u00e9 environnementale. Notre client\u00e8le comprend particuliers, artisans et industries, b\u00e9n\u00e9ficiant d&rsquo;une gamme vari\u00e9e de bois pour des projets exigeants. Nous valorisons les ressources locales et le savoir-faire fran\u00e7ais, vous offrant des produits de qualit\u00e9 tout en pr\u00e9servant l&rsquo;environnement. Notre engagement durable \u00e9quilibre l&rsquo;exploitation des ressources avec leur pr\u00e9servation. Ensemble, fa\u00e7onnons un avenir o\u00f9 le bois reste essentiel dans le respect de notre \u00e9cosyst\u00e8me.<\/p>\t\t\t\t\t\t\t\t<\/div>\n\t\t\t\t<\/div>\n\t\t\t\t<div class=\"elementor-element elementor-element-ca06c09 elementor-arrows-position-inside elementor-pagination-position-outside elementor-widget elementor-widget-image-carousel\" data-id=\"ca06c09\" data-element_type=\"widget\" data-settings=\"{&quot;slides_to_show&quot;:&quot;1&quot;,&quot;navigation&quot;:&quot;both&quot;,&quot;autoplay&quot;:&quot;yes&quot;,&quot;pause_on_hover&quot;:&quot;yes&quot;,&quot;pause_on_interaction&quot;:&quot;yes&quot;,&quot;autoplay_speed&quot;:5000,&quot;infinite&quot;:&quot;yes&quot;,&quot;effect&quot;:&quot;slide&quot;,&quot;speed&quot;:500}\" data-widget_type=\"image-carousel.default\">\n\t\t\t\t<div class=\"elementor-widget-container\">\n\t\t\t\t\t\t\t<div class=\"elementor-image-carousel-wrapper swiper\" role=\"region\" aria-roledescription=\"carousel\" aria-label=\"Carrousel d\u2019images\" dir=\"ltr\">\n\t\t\t<div class=\"elementor-image-carousel swiper-wrapper\" aria-live=\"off\">\n\t\t\t\t\t\t\t\t<div class=\"swiper-slide\" role=\"group\" aria-roledescription=\"slide\" aria-label=\"1 sur 1\"><figure class=\"swiper-slide-inner\"><img decoding=\"async\" class=\"swiper-slide-image\" src=\"https:\/\/scieriedelanoye.fr\/wp-content\/uploads\/2025\/02\/newvueface.jpg\" alt=\"newvueface\" \/><\/figure><\/div>\t\t\t<\/div>\n\t\t\t\t\t<\/div>\n\t\t\t\t\t\t<\/div>\n\t\t\t\t<\/div>\n\t\t\t\t\t<\/div>\n\t\t\t\t<\/div>\n\t\t\t\t<\/div>\n\t\t","protected":false},"excerpt":{"rendered":"<p>L&rsquo;histoire de notre scierie En 1959 Georges et Jacqueline Delattre reprennent l\u2019entreprise de charpente de Monsieur Boulfroy Abel, situ\u00e9 au [&hellip;]<\/p>\n","protected":false},"author":2,"featured_media":0,"parent":0,"menu_order":0,"comment_status":"closed","ping_status":"closed","template":"","meta":{"site-sidebar-layout":"no-sidebar","site-content-layout":"","ast-site-content-layout":"full-width-container","site-content-style":"default","site-sidebar-style":"default","ast-global-header-display":"","ast-banner-title-visibility":"","ast-main-header-display":"","ast-hfb-above-header-display":"","ast-hfb-below-header-display":"","ast-hfb-mobile-header-display":"","site-post-title":"disabled","ast-breadcrumbs-content":"","ast-featured-img":"disabled","footer-sml-layout":"","theme-transparent-header-meta":"","adv-header-id-meta":"","stick-header-meta":"","header-above-stick-meta":"","header-main-stick-meta":"","header-below-stick-meta":"","astra-migrate-meta-layouts":"default","ast-page-background-enabled":"default","ast-page-background-meta":{"desktop":{"background-color":"var(--ast-global-color-4)","background-image":"","background-repeat":"repeat","background-position":"center center","background-size":"auto","background-attachment":"scroll","background-type":"","background-media":"","overlay-type":"","overlay-color":"","overlay-opacity":"","overlay-gradient":""},"tablet":{"background-color":"","background-image":"","background-repeat":"repeat","background-position":"center center","background-size":"auto","background-attachment":"scroll","background-type":"","background-media":"","overlay-type":"","overlay-color":"","overlay-opacity":"","overlay-gradient":""},"mobile":{"background-color":"","background-image":"","background-repeat":"repeat","background-position":"center center","background-size":"auto","background-attachment":"scroll","background-type":"","background-media":"","overlay-type":"","overlay-color":"","overlay-opacity":"","overlay-gradient":""}},"ast-content-background-meta":{"desktop":{"background-color":"var(--ast-global-color-5)","background-image":"","background-repeat":"repeat","background-position":"center center","background-size":"auto","background-attachment":"scroll","background-type":"","background-media":"","overlay-type":"","overlay-color":"","overlay-opacity":"","overlay-gradient":""},"tablet":{"background-color":"var(--ast-global-color-5)","background-image":"","background-repeat":"repeat","background-position":"center center","background-size":"auto","background-attachment":"scroll","background-type":"","background-media":"","overlay-type":"","overlay-color":"","overlay-opacity":"","overlay-gradient":""},"mobile":{"background-color":"var(--ast-global-color-5)","background-image":"","background-repeat":"repeat","background-position":"center center","background-size":"auto","background-attachment":"scroll","background-type":"","background-media":"","overlay-type":"","overlay-color":"","overlay-opacity":"","overlay-gradient":""}},"footnotes":""},"class_list":["post-38","page","type-page","status-publish","hentry"],"yoast_head":"<!-- This site is optimized with the Yoast SEO plugin v25.9 - https:\/\/yoast.com\/wordpress\/plugins\/seo\/ -->\n<title>Histoire - Bois et scierie de la Noye<\/title>\n<meta name=\"robots\" content=\"index, follow, max-snippet:-1, max-image-preview:large, max-video-preview:-1\" \/>\n<link rel=\"canonical\" href=\"https:\/\/scieriedelanoye.fr\/?page_id=38\" \/>\n<meta property=\"og:locale\" content=\"fr_FR\" \/>\n<meta property=\"og:type\" content=\"article\" \/>\n<meta property=\"og:title\" content=\"Histoire - Bois et scierie de la Noye\" \/>\n<meta property=\"og:description\" content=\"L&rsquo;histoire de notre scierie En 1959 Georges et Jacqueline Delattre reprennent l\u2019entreprise de charpente de Monsieur Boulfroy Abel, situ\u00e9 au [&hellip;]\" \/>\n<meta property=\"og:url\" content=\"https:\/\/scieriedelanoye.fr\/?page_id=38\" \/>\n<meta property=\"og:site_name\" content=\"Bois et scierie de la Noye\" \/>\n<meta property=\"article:modified_time\" content=\"2025-02-07T02:04:01+00:00\" \/>\n<meta property=\"og:image\" content=\"http:\/\/scieriedelanoye.fr\/wp-content\/uploads\/2025\/02\/scierieengin.jpg\" \/>\n<meta name=\"twitter:card\" content=\"summary_large_image\" \/>\n<meta name=\"twitter:label1\" content=\"Dur\u00e9e de lecture estim\u00e9e\" \/>\n\t<meta name=\"twitter:data1\" content=\"3 minutes\" \/>\n<script type=\"application\/ld+json\" class=\"yoast-schema-graph\">{\"@context\":\"https:\/\/schema.org\",\"@graph\":[{\"@type\":\"WebPage\",\"@id\":\"https:\/\/scieriedelanoye.fr\/?page_id=38\",\"url\":\"https:\/\/scieriedelanoye.fr\/?page_id=38\",\"name\":\"Histoire - Bois et scierie de la Noye\",\"isPartOf\":{\"@id\":\"https:\/\/scieriedelanoye.fr\/#website\"},\"primaryImageOfPage\":{\"@id\":\"https:\/\/scieriedelanoye.fr\/?page_id=38#primaryimage\"},\"image\":{\"@id\":\"https:\/\/scieriedelanoye.fr\/?page_id=38#primaryimage\"},\"thumbnailUrl\":\"http:\/\/scieriedelanoye.fr\/wp-content\/uploads\/2025\/02\/scierieengin.jpg\",\"datePublished\":\"2025-01-13T23:18:54+00:00\",\"dateModified\":\"2025-02-07T02:04:01+00:00\",\"breadcrumb\":{\"@id\":\"https:\/\/scieriedelanoye.fr\/?page_id=38#breadcrumb\"},\"inLanguage\":\"fr-FR\",\"potentialAction\":[{\"@type\":\"ReadAction\",\"target\":[\"https:\/\/scieriedelanoye.fr\/?page_id=38\"]}]},{\"@type\":\"ImageObject\",\"inLanguage\":\"fr-FR\",\"@id\":\"https:\/\/scieriedelanoye.fr\/?page_id=38#primaryimage\",\"url\":\"https:\/\/scieriedelanoye.fr\/wp-content\/uploads\/2025\/02\/scierieengin.jpg\",\"contentUrl\":\"https:\/\/scieriedelanoye.fr\/wp-content\/uploads\/2025\/02\/scierieengin.jpg\",\"width\":715,\"height\":454},{\"@type\":\"BreadcrumbList\",\"@id\":\"https:\/\/scieriedelanoye.fr\/?page_id=38#breadcrumb\",\"itemListElement\":[{\"@type\":\"ListItem\",\"position\":1,\"name\":\"Accueil\",\"item\":\"https:\/\/scieriedelanoye.fr\/\"},{\"@type\":\"ListItem\",\"position\":2,\"name\":\"Histoire\"}]},{\"@type\":\"WebSite\",\"@id\":\"https:\/\/scieriedelanoye.fr\/#website\",\"url\":\"https:\/\/scieriedelanoye.fr\/\",\"name\":\"Bois et scierie de la Noye\",\"description\":\"Bois et scierie de la Noye\",\"publisher\":{\"@id\":\"https:\/\/scieriedelanoye.fr\/#organization\"},\"potentialAction\":[{\"@type\":\"SearchAction\",\"target\":{\"@type\":\"EntryPoint\",\"urlTemplate\":\"https:\/\/scieriedelanoye.fr\/?s={search_term_string}\"},\"query-input\":{\"@type\":\"PropertyValueSpecification\",\"valueRequired\":true,\"valueName\":\"search_term_string\"}}],\"inLanguage\":\"fr-FR\"},{\"@type\":\"Organization\",\"@id\":\"https:\/\/scieriedelanoye.fr\/#organization\",\"name\":\"Bois et scierie de la Noye\",\"url\":\"https:\/\/scieriedelanoye.fr\/\",\"logo\":{\"@type\":\"ImageObject\",\"inLanguage\":\"fr-FR\",\"@id\":\"https:\/\/scieriedelanoye.fr\/#\/schema\/logo\/image\/\",\"url\":\"https:\/\/scieriedelanoye.fr\/wp-content\/uploads\/2025\/01\/cropped-logo_white.png\",\"contentUrl\":\"https:\/\/scieriedelanoye.fr\/wp-content\/uploads\/2025\/01\/cropped-logo_white.png\",\"width\":712,\"height\":512,\"caption\":\"Bois et scierie de la Noye\"},\"image\":{\"@id\":\"https:\/\/scieriedelanoye.fr\/#\/schema\/logo\/image\/\"}}]}<\/script>\n<!-- \/ Yoast SEO plugin. -->","yoast_head_json":{"title":"Histoire - Bois et scierie de la Noye","robots":{"index":"index","follow":"follow","max-snippet":"max-snippet:-1","max-image-preview":"max-image-preview:large","max-video-preview":"max-video-preview:-1"},"canonical":"https:\/\/scieriedelanoye.fr\/?page_id=38","og_locale":"fr_FR","og_type":"article","og_title":"Histoire - Bois et scierie de la Noye","og_description":"L&rsquo;histoire de notre scierie En 1959 Georges et Jacqueline Delattre reprennent l\u2019entreprise de charpente de Monsieur Boulfroy Abel, situ\u00e9 au [&hellip;]","og_url":"https:\/\/scieriedelanoye.fr\/?page_id=38","og_site_name":"Bois et scierie de la Noye","article_modified_time":"2025-02-07T02:04:01+00:00","og_image":[{"url":"http:\/\/scieriedelanoye.fr\/wp-content\/uploads\/2025\/02\/scierieengin.jpg","type":"","width":"","height":""}],"twitter_card":"summary_large_image","twitter_misc":{"Dur\u00e9e de lecture estim\u00e9e":"3 minutes"},"schema":{"@context":"https:\/\/schema.org","@graph":[{"@type":"WebPage","@id":"https:\/\/scieriedelanoye.fr\/?page_id=38","url":"https:\/\/scieriedelanoye.fr\/?page_id=38","name":"Histoire - Bois et scierie de la Noye","isPartOf":{"@id":"https:\/\/scieriedelanoye.fr\/#website"},"primaryImageOfPage":{"@id":"https:\/\/scieriedelanoye.fr\/?page_id=38#primaryimage"},"image":{"@id":"https:\/\/scieriedelanoye.fr\/?page_id=38#primaryimage"},"thumbnailUrl":"http:\/\/scieriedelanoye.fr\/wp-content\/uploads\/2025\/02\/scierieengin.jpg","datePublished":"2025-01-13T23:18:54+00:00","dateModified":"2025-02-07T02:04:01+00:00","breadcrumb":{"@id":"https:\/\/scieriedelanoye.fr\/?page_id=38#breadcrumb"},"inLanguage":"fr-FR","potentialAction":[{"@type":"ReadAction","target":["https:\/\/scieriedelanoye.fr\/?page_id=38"]}]},{"@type":"ImageObject","inLanguage":"fr-FR","@id":"https:\/\/scieriedelanoye.fr\/?page_id=38#primaryimage","url":"https:\/\/scieriedelanoye.fr\/wp-content\/uploads\/2025\/02\/scierieengin.jpg","contentUrl":"https:\/\/scieriedelanoye.fr\/wp-content\/uploads\/2025\/02\/scierieengin.jpg","width":715,"height":454},{"@type":"BreadcrumbList","@id":"https:\/\/scieriedelanoye.fr\/?page_id=38#breadcrumb","itemListElement":[{"@type":"ListItem","position":1,"name":"Accueil","item":"https:\/\/scieriedelanoye.fr\/"},{"@type":"ListItem","position":2,"name":"Histoire"}]},{"@type":"WebSite","@id":"https:\/\/scieriedelanoye.fr\/#website","url":"https:\/\/scieriedelanoye.fr\/","name":"Bois et scierie de la Noye","description":"Bois et scierie de la Noye","publisher":{"@id":"https:\/\/scieriedelanoye.fr\/#organization"},"potentialAction":[{"@type":"SearchAction","target":{"@type":"EntryPoint","urlTemplate":"https:\/\/scieriedelanoye.fr\/?s={search_term_string}"},"query-input":{"@type":"PropertyValueSpecification","valueRequired":true,"valueName":"search_term_string"}}],"inLanguage":"fr-FR"},{"@type":"Organization","@id":"https:\/\/scieriedelanoye.fr\/#organization","name":"Bois et scierie de la Noye","url":"https:\/\/scieriedelanoye.fr\/","logo":{"@type":"ImageObject","inLanguage":"fr-FR","@id":"https:\/\/scieriedelanoye.fr\/#\/schema\/logo\/image\/","url":"https:\/\/scieriedelanoye.fr\/wp-content\/uploads\/2025\/01\/cropped-logo_white.png","contentUrl":"https:\/\/scieriedelanoye.fr\/wp-content\/uploads\/2025\/01\/cropped-logo_white.png","width":712,"height":512,"caption":"Bois et scierie de la Noye"},"image":{"@id":"https:\/\/scieriedelanoye.fr\/#\/schema\/logo\/image\/"}}]}},"_links":{"self":[{"href":"https:\/\/scieriedelanoye.fr\/index.php?rest_route=\/wp\/v2\/pages\/38","targetHints":{"allow":["GET"]}}],"collection":[{"href":"https:\/\/scieriedelanoye.fr\/index.php?rest_route=\/wp\/v2\/pages"}],"about":[{"href":"https:\/\/scieriedelanoye.fr\/index.php?rest_route=\/wp\/v2\/types\/page"}],"author":[{"embeddable":true,"href":"https:\/\/scieriedelanoye.fr\/index.php?rest_route=\/wp\/v2\/users\/2"}],"replies":[{"embeddable":true,"href":"https:\/\/scieriedelanoye.fr\/index.php?rest_route=%2Fwp%2Fv2%2Fcomments&post=38"}],"version-history":[{"count":31,"href":"https:\/\/scieriedelanoye.fr\/index.php?rest_route=\/wp\/v2\/pages\/38\/revisions"}],"predecessor-version":[{"id":343,"href":"https:\/\/scieriedelanoye.fr\/index.php?rest_route=\/wp\/v2\/pages\/38\/revisions\/343"}],"wp:attachment":[{"href":"https:\/\/scieriedelanoye.fr\/index.php?rest_route=%2Fwp%2Fv2%2Fmedia&parent=38"}],"curies":[{"name":"wp","href":"https:\/\/api.w.org\/{rel}","templated":true}]}}